t v(w) = -14*w + 21. Give v(4).
-35
Let g(z) = z**3 + 5*z**2 - 5*z - 3. Calculate g(-6).
-9
Let j(r) = -2*r - 61. Calculate j(-25).
-11
Let d(j) = -j**2 + 15*j - 9. Determine d(16).
-25
Let n(q) = -19*q + 22. Calculate n(7).
-111
Let o(g) = g**2 - 11*g + 24. Calculate o(9).
6
Let j(i) = i**2 + 23*i + 2. Determine j(-23).
2
Let x(s) = s**3 + 3*s**2 - 5*s - 10. Give x(-4).
-6
Let z(b) = -6*b - 24. Give z(12).
-96
Let s(y) = -5*y**2 - 10*y - 15. Calculate s(-2).
-15
Let k(r) = -2*r**3 - 3*r**2 + r - 3. What is k(-3)?
21
Let i(h) = -h**2 + 15*h - 8. Determine i(13).
18
Let l(y) = -y**3 - 2*y + 2. Give l(2).
-10
Let c(m) = m**3 - 9*m**2 + 14*m + 6. What is c(7)?
6
Let q(t) = t**3 + 14*t**2 - 98*t - 55. Calculate q(-19).
2
Let f(y) = -y**2 + 4*y - 9. Determine f(5).
-14
Let u(g) = g**3 + 7*g**2 + 15*g + 5. Give u(-3).
-4
Let u(v) = -2*v**3 + 111*v**2 - 52*v - 132. What is u(55)?
33
Let x(a) = 7*a**2 - 11*a + 1. Calculate x(5).
121
Let v(s) = -2*s + 13. Give v(7).
-1
Let u(i) = -i**3 + i + 38. What is u(0)?
38
Let d(p) = p**2 - 12*p + 16. Calculate d(10).
-4
Let i(l) = -4*l - 9. Give i(4).
-25
Let t(u) = 6*u - 57. What is t(8)?
-9
Let z(h) = h**3 - 19*h**2 + 44*h + 67. What is z(16)?
3
Let k(p) = p**3 - p**2 - 12*p - 2. What is k(3)?
-20
Let g(h) = -h**2 - 7*h - 8. Determine g(-7).
-8
Let q(m) = -m**3 - 11*m**2 - 10. Calculate q(-11).
-10
Let q(f) = f**2 + 2*f - 52. Calculate q(-9).
11
Let g(y) = 2*y - 5. Calculate g(6).
7
Let z(i) = -i**3 + 3*i**2 + 4*i - 6. What is z(3)?
6
Let a(u) = -2*u**2 + 17*u - 26. What is a(7)?
-5
Let v(f) = -21*f - 140. Give v(-7).
7
Let i(v) = 2*v + 27. Determine i(-10).
7
Let y(z) = z**3 - 10*z**2 + 9*z + 6. Give y(8).
-50
Let n(p) = -p**2 - 8*p - 10. Give n(-3).
5
Let y(p) = p**3 - 18*p**2 - 18*p - 15. Calculate y(19).
4
Let u(w) = -2*w + 34. Give u(-5).
44
Let o(i) = -i**2 - 20*i + 12. What is o(-10)?
112
Let a(i) = 56*i**2 + i + 3. Give a(-1).
58
Let s(o) = 11*o**3 - o**2 + 3*o + 2. Calculate s(-2).
-96
Let v(t) = -t**2 + 7*t - 7. Determine v(5).
3
Let c(z) = -7*z**3 + z**2 - z - 3. Calculate c(-2).
59
Let p(k) = 6*k - 107. Calculate p(17).
-5
Let h(t) = 3*t**2 + 2*t - 3. Give h(-1).
-2
Let q(p) = 3*p**2 + 48*p - 140. What is q(3)?
31
Let b(o) = -4*o - 14. Calculate b(-18).
58
Let a(p) = p**3 + 6*p**2 + 8*p + 10. What is a(-5)?
-5
Let x(i) = i**2 - 3*i + 3. Give x(-5).
43
Let m(y) = 11*y**2 - 72*y + 41. Give m(6).
5
Let m(u) = -6*u**2 - 2*u + 2. Give m(-2).
-18
Let g(b) = -b**3 - 18*b**2 - 17*b + 24. Calculate g(-17).
24
Let j(g) = -g. What is j(-4)?
4
Let j(h) = -2*h + 19. Give j(12).
-5
Let m(j) = -11*j + 28. Determine m(9).
-71
Let i(w) = 2*w**3 - 3*w**2 - 6. Determine i(0).
-6
Let i(j) = -j**2 + 3. Calculate i(-3).
-6
Let l(o) = -o**3 + 3*o**2 - 4*o + 3. Give l(2).
-1
Let a(q) = 16*q - 1. Determine a(-1).
-17
Let h(w) = -w**3 - 15*w**2 + 33*w + 40. What is h(-17)?
57
Let o(d) = d**2 + 7*d - 7. What is o(-7)?
-7
Let m(w) = w**3 - 7*w**2 + 3*w + 1. Determine m(5).
-34
Let o(b) = b**3 + 7*b**2 + 7*b - 4. Give o(-6).
-10
Let c(v) = 92*v + 1. Determine c(-1).
-91
Let t(z) = 3*z**3 - 2*z**2 - 2*z - 1. What is t(-1)?
-4
Let f(y) = 4*y**2 + 2*y - 7. Determine f(-3).
23
Let w(a) = -a**2 - 10*a + 2. Calculate w(-5).
27
Let d(r) = r**3 + 4*r**2 - 3*r + 3. Calculate d(-3).
21
Let r(k) = k**2 - 3*k - 39. Calculate r(8).
1
Let x(f) = 20*f**2 + 681*f + 38. Give x(-34).
4
Let c(w) = w**2 + 11*w - 11. Calculate c(-11).
-11
Let c(p) = p**3 + 2*p**2 - 21*p + 11. Calculate c(-6).
-7
Let f(l) = -2*l**3 + 2*l. Calculate f(2).
-12
Let i(k) = k - 42. Determine i(0).
-42
Let h(f) = f**3 - 14*f**2 + 26*f - 26. Give h(12).
-2
Let j(f) = -f**3 - 4*f**2. Calculate j(-3).
-9
Let y(o) = -o**3 - 6*o**2 - 3*o + 5. Give y(-5).
-5
Let f(n) = 7*n - 2. Determine f(-2).
-16
Let m(c) = -c**3 + 12*c**2 + 13*c - 11. What is m(13)?
-11
Let j(d) = -d**2 + 7*d - 16. What is j(4)?
-4
Let b(u) = 4*u**2 + 10*u + 9. Determine b(-7).
135
Let r(p) = 5*p - 4. Calculate r(-3).
-19
Let p(w) = 2*w + 28. What is p(0)?
28
Let u(f) = -f**3 - 3*f**2 + 2. Give u(-3).
2
Let l(g) = -g**3 + 11*g**2 - 9*g - 21. Give l(10).
-11
Let g(f) = f**2 - 11*f - 20. Calculate g(-5).
60
Let i(g) = -g**3 - g**2 - 2*g + 2. Calculate i(2).
-14
Let p(i) = i**3 - 3*i**2 - i + 17. Calculate p(0).
17
Let s(t) = 7*t - 6. What is s(-2)?
-20
Let z(s) = -s**2 - 13*s + 22. Determine z(-15).
-8
Let c(v) = -2*v**2 - v - 1. Calculate c(1).
-4
Let m(p) = p - 20. Determine m(12).
-8
Let l(r) = 4*r**2 - 1. Give l(1).
3
Let z(d) = d**2 - 6*d - 24. Give z(7).
-17
Let r(l) = l + 1. What is r(8)?
9
Let n(z) = z**3 - 4*z**2 + z + 4. Give n(4).
8
Let a(d) = d**3 + 7*d**2 - 16*d - 13. Determine a(-9).
-31
Let j(w) = w**2 - 4*w - 1. Calculate j(4).
-1
Let j(g) = 26*g + 60. What is j(-2)?
8
Let a(b) = -b**2 - 8*b + 177. What is a(-18)?
-3
Let t(w) = -2*w**2 + 50*w + 53. What is t(26)?
1
Let g(b) = 5*b - 20. Determine g(10).
30
Let i(t) = -2*t**2 + 17*t - 1. Calculate i(8).
7
Let a(r) = 4*r - 147. Determine a(33).
-15
Let g(z) = -37*z**3 - 5*z**2 - 3*z. What is g(-1)?
35
Let c(r) = 2*r**2 - 45*r - 27. What is c(23)?
-4
Let g(c) = c**3 + 5*c**2 + c + 5. Determine g(-4).
17
Let t(h) = h**3 - 10*h**2 - 12*h + 11. What is t(11)?
0
Let a(x) = -x**2 + 6*x + 17. Calculate a(7).
10
Let r(z) = -4*z**2 + 77*z - 16. Determine r(19).
3
Let x(p) = p**2 - 11*p + 13. Calculate x(9).
-5
Let n(s) = -8*s + 28. Determine n(-4).
60
Let z(c) = -6*c - 222. Calculate z(-36).
-6
Let w(m) = 5*m + 26. What is w(-4)?
6
Let x(b) = -b**3 - 79*b**2 + 245*b - 88. Give x(-82).
-6
Let q(p) = -2*p - 2. Give q(-6).
10
Let l(o) = -2*o**2 - o + 1. Give l(3).
-20
Let p(l) = -2*l - 2. What is p(6)?
-14
Let v(y) = -y**2 + 2*y + 3. What is v(-3)?
-12
Let i(h) = -h**2 - 25*h + 16. Determine i(-27).
-38
Let k(h) = h**2 - 4*h + 7. Calculate k(2).
3
Let k(l) = -l - 1. What is k(-5)?
4
Let w(c) = 5*c + 92. Give w(-18).
2
Let h(s) = s**3 - 8*s**2 + 14*s - 6. What is h(6)?
6
Let u(n) = 2*n**2 + 27*n - 15. What is u(-14)?
-1
Let m(d) = -d**2 - 7*d - 9. Calculate m(-6).
-3
Let y(j) = j**3 + 18*j**2 + 19*j + 12. Determine y(-17).
-22
Let c(z) = -z**2 + 12*z + 9. Give c(11).
20
Let u(c) = c**3 - 10*c**2 + 2*c - 15. What is u(10)?
5
Let h(z) = z**2 + 13*z - 7. Calculate h(-15).
23
Let x(i) = i**3 + 13*i**2 + 9*i + 17. Give x(-13).
-100
Let t(h) = -15*h**2 + 2*h - 3. What is t(2)?
-59
Let y(s) = -s**3 + 7*s**2 + 10*s - 101. What is y(5)?
-1
Let j(i) = i**2 - 15*i + 10. Give j(14).
-4
Let u(m) = 6*m**2 - 25*m - 6. What is u(6)?
60
Let u(w) = -45*w**3 + w**2 - w + 1. Give u(1).
-44
Let r(y) = -y**3 + 10*y**2 - 4*y - 7. What is r(10)?
-47
Let k(g) = -g - 11. Calculate k(-3).
-8
Let i(g) = -2*g**2 + 5*g + 8. Give i(6).
-34
Let n(b) = b**3 - 4*b**2 - 13*b + 1. Give n(7).
57
Let s(c) = -c**3 - 10*c**2 - 21*c - 23. Determine s(-6).
-41
Let o(m) = 18*m + 65. Give o(-4).
-7
Let g(t) = -6*t + 154. What is g(25)?
4
Let k(c) = 2*c**2 + 6*c - 16. Calculate k(-6).
20
Let c(z) = 4*z + 1. Give c(-3).
-11
Let b(v) = v + 13. Calculate b(0).
13
Let i(u) = -12*u + 2. Give i(6).
-70
Let n(m) = m**2 + 22*m + 20. Give n(-21).
-1
Let y(b) = b**2 - 2*b - 4. Determine y(-3).
11
Let i(o) = -5*o**3 - o**2 - o + 1. Calculate i(1).
-6
Let p(t) = -t**3 - 8*t**2 + 9*t + 5. Determine p(-9).
5
Let l(z) = z**3 + 18*z**2 - 17*z + 21. Determine l(-19).
-17
Let u(t) = -t**3 + 31*t**2 - 108*t - 1. Give u(27).
-1
Let m(t) = -t**2 - 2*t - 5. Calculate m(0).
-5
Let x(u) = u**2 + 6*u - 9. What is x(-8)?
7
Let b(f) = f + 29. Calculate b(-11).
18
Let t(b) = -5*b - 33. Calculate t(-7).
2
Let m(r) = -7*r - 70. Calculate m(-9).
-7
Let u(n) = 3*n**2 - 6*n + 6. Calculate u(3).
15
Let a(p) = 2*p - 19. What is a(8)?
-3
Let c(u) = 2*u**3 + 4*u**2 - 4. What is c(-3)?
-22
Let x(z) = z**3 - 12*z**2 + 24*z - 18. Determine x(9).
-45
Let u(g) = 3*g**2 - 4*g + 7. What is u(2)?
11
Let j(g) = 2*g + 2. What is j(8)?
18
Let m(k) = -10*k - 6. Calculate m(-4).
34
Let b(i) = -i**3 - i**2 + 42*i. Determine b(6).
0
Let i(v) = -v**2 + 10*v + 12. Give i(6).
36
Let h(g) = 2*g**2 + 10*g + 20. Give h(-9).
92
Let q(p) = 4*p**3 + 22*p**2 - 3*p - 5. Calculate q(-5).
60
Let h(u) = 20*u - 1. What is h(1)?
19
Let u(c) = -11*c - 87. Give u(-12).
45
Let d(u) = u**3 + 9*u**2 - u - 17. Determine d(-9).
-8
Let h(m) = -m**3 - 2*m**2 + 16*m + 16. Wh